is divided by l.
15
Let c(y) = 20*y**2 + 581*y + 7. Calculate the remainder when c(-30) is divided by 58.
55
Suppose -105 = -u - 100. Suppose -3*q + 24 = -u*y, 6*q - 2*q + y - 32 = 0. Calculate the remainder when 149 is divided by q.
5
Suppose 5*d = -2*y + 235, -5*d + 4*y = -8*d + 127. Let j = d + -37. Calculate the remainder when 56 is divided by j.
8
Let w = 12486 - 1097. Calculate the remainder when w is divided by 85.
84
Suppose -v = 5*i - 9, 5*i + 2*v = -2*v + 21. Calculate the remainder when 149 is divided by (i/(-7))/(1/(-133)).
16
Suppose 4*w - 918 = -3*p, 44*p - 566 = 42*p + 5*w. Calculate the remainder when p is divided by 278.
20
Let y = 21365 + -21269. Let z(a) = -2*a + 4. Calculate the remainder when y is divided by z(-5).
12
Suppose 0 = 4094*x - 4123*x + 3567. Calculate the remainder when 1485 is divided by x.
9
Suppose 4*n - 207 = 481. Let i = -77 + n. What is the remainder when i is divided by 10?
5
Suppose -2*f + 5 = 1, 5*j = -3*f - 189. Let w = j + 44. Let a(v) = -v**3 + v**2 - v + 26. What is the remainder when a(0) is divided by w?
1
Suppose 4*j - 2*j = 40. Let l = -889 + 937. Calculate the remainder when l is divided by 8/j - 63/(-5).
9
Calculate the remainder when 1/(-2*(28/4376)/7)*-2 is divided by 101.
84
Let g be (-4 - -3) + 1 - -4. Let n = 162 + 20. Calculate the remainder when n is divided by ((-136)/(-16) + 3)*(g + 0).
44
Let b = -271 - -512. Let n = -232 + b. Calculate the remainder when 12 is divided by n.
3
Suppose 0 = 7*p - 3*p - 404. Let m = -52 + p. Let t = -20 + m. What is the remainder when t is divided by 10?
9
Let k(x) = 756*x + 5661. What is the remainder when 1158 is divided by k(-7)?
51
Let f(s) = 12*s + 431. Let k be -1*(4 + (-14)/(-1)). Calculate the remainder when f(-28) is divided by 1 - ((k - 3) + -3).
20
Let w = -171 + 174. Suppose -3*g + 5*p = -313, -8*g + 7*g - w*p = -95. Calculate the remainder when g is divided by 17.
16
Let r(w) = -2*w + 3. Let h be r(1). Suppose -12 = -v + 2*s, 11 = v - s + h. What is the remainder when 143 is divided by v?
7
Suppose -3*i + 82 = 4*g, 25 = -4*g + 3*i + 95. Suppose -15 = -q - d, 3*d = q - g - 16. Calculate the remainder when 238 is divided by q.
18
Let p be 6/(-8) + (-207)/(-36). Suppose -10*q + 92 = c - p*q, c + 3*q - 102 = 0. Let z = c - 108. What is the remainder when 31 is divided by z?
4
Let a = 5595 - 3227. Calculate the remainder when a is divided by 23.
22
Suppose 3*o = -o + 276. What is the remainder when ((-459)/18)/(7*36/(-2016)) is divided by o?
66
Let x = -479 - -996. Calculate the remainder when x is divided by 104.
101
Suppose 0 = 15*o + 7*o - 17072. Suppose 714 = 10*c - o. Calculate the remainder when c is divided by 50.
49
Calculate the remainder when (-163)/3*1*(-162)/54 is divided by 25.
13
Let d(j) = j - 15. Let b be d(9). Let o(p) = p**3 + 7*p**2 + 8*p + 8. Let z be o(b). Calculate the remainder when 43 is divided by ((-18)/z)/((45/10)/9).
7
Suppose -2*u + f - 5 = -0*u, 5*f = 5*u + 20. Let i be (-190)/(-4)*((-3)/(-5) - u). Suppose -7*q + 9*q - i = 0. What is the remainder when q is divided by 8?
6
Suppose 3*l = v + 57, 14*l + 2*v - 66 = 10*l. Suppose d = -3*d + 472. What is the remainder when d is divided by l?
10
Suppose 636*k = 648*k - 61 - 131. What is the remainder when 1976 is divided by k?
8
Let m be (11 - 20) + 5540*1. Suppose -51*q + m + 1405 = 0. What is the remainder when q is divided by 6?
4
Let j(l) = 69*l - 1924. Calculate the remainder when j(37) is divided by 4.
1
Suppose -3*m + 23 = 2*w, 4*w - 13*m + 9 = -8*m. What is the remainder when 69 is divided by w?
1
Let q = 73 - 56. Suppose 0*m = -2*m + 30. Suppose 14*y - m*y = -14. What is the remainder when q is divided by y?
3
Let g = -61 + 107. Suppose g*a - 40*a - 120 = 0. Calculate the remainder when 77 is divided by a.
17
Let r = -223 - -231. Suppose -3*k - d + 26 = -0*k, d - r = -k. Let a = 0 + 4. Calculate the remainder when k is divided by a.
1
Calculate the remainder when 3214 is divided by -222*(-3*4/(-16))/((-15)/10).
106
Let r = 931 + -831. Suppose -c + 0*m + 4*m = -15, r = 3*c - m. What is the remainder when c is divided by (1 - 0) + 7 + 1?
8
Suppose -5*a + 4*v + 212 = 0, 124 = 3*a - 3*v - 5. Let o = 2921 - 2563. Calculate the remainder when o is divided by a.
38
What is the remainder when 693 is divided by 348/9*(-63)/(-84) - 2?
18
Suppose -4 = 10*a - 300 + 6. Suppose -h - 68 = 3*h. Let x = -9 - h. Calculate the remainder when a is divided by x.
5
Suppose 2*m = 3*w - 989, -10*w + 5*m + 1650 = -5*w. What is the remainder when w is divided by 180?
149
Suppose -3*u = 7*u + 2*u. Suppose u = 27*i - 532 - 143. Let m = 25 - 18. What is the remainder when i is divided by m?
4
Let q(d) = 2*d**2 + 16*d - 4. Let c be 33/(-88) + (-231)/24. What is the remainder when 71 is divided by q(c)?
35
Suppose -32*r - 676 = -7492. Let b = -15 + 14. What is the remainder when r is divided by 43*(2 + -3)*b?
41
Suppose 0 = -4*q, 3*m + 290 = 5*m + 3*q. Let j = 151 - m. Calculate the remainder when j is divided by (-1 + 3)*(-5)/(-2).
1
Let m be 2 - 2*9 - (-36 + 35). Calculate the remainder when 70/4*(1224/m)/(-12) is divided by 12.
11
Suppose -30*t + 312*t = 4794. Let g(o) = 5*o + 8. What is the remainder when g(6) is divided by t?
4
Let b = 24757 + -24735. Calculate the remainder when 15045 is divided by b.
19
Suppose 24*q - 143*q = -2618. Calculate the remainder when 218 is divided by q.
20
Let z = 121 - 110. Let d be 35/z - (45/(-55) + 1). Suppose -36 = -3*m + d. Calculate the remainder when 56 is divided by m.
4
Suppose 121 = -5*o - 2*n, 2*o + 8 = -5*n - 32. What is the remainder when (30/o)/((-3)/330*4) is divided by 20?
13
Let y(p) be the first derivative of p**4/4 + p**3 - 2*p**2 + 4*p + 11. Let j be 0/2 - (0 - -4). What is the remainder when y(j) is divided by 1?
0
Let a = -11425 + 11454. Calculate the remainder when 740 is divided by a.
15
Let n = -244 - -347. Suppose -3*y + h + 101 = 0, 0*y - 4*y + n = 5*h. Calculate the remainder when 351 is divided by y.
31
Suppose 0 = -19*v + 4*v + 180. Let b be ((-321)/v)/(-1 + (-5)/(-4)). Let m = b + 305. Calculate the remainder when m is divided by 20.
18
Suppose 324*k - 325*k = 2*j - 85, -5*k - 5*j + 425 = 0. Calculate the remainder when 1867 is divided by k.
82
Suppose 874 - 13174 = -123*c. Calculate the remainder when 710 is divided by c.
10
Let p = 2918 - 2838. Calculate the remainder when p is divided by 22.
14
Let c = -12095 - -12503. What is the remainder when 1508 is divided by c?
284
Suppose 30*a + 110 = 35*a. Calculate the remainder when (13250/625)/(-2*2/(-120)) is divided by a.
20
What is the remainder when 5431 + ((-34)/153 - (-4 - 80/36)) is divided by 111?
109
What is the remainder when 296 - 15/((-180)/(-84)) is divided by 14?
9
Suppose 0 = 792*k + 739*k + 207*k - 39974. Suppose -3*f + 2*f + 156 = 0. What is the remainder when f is divided by k?
18
Calculate the remainder when 148 is divided by -10*(-20)/3*24/32.
48
Let n be (-7)/4*(5 - 41). Suppose 5*v - n = -18. What is the remainder when 132 is divided by v?
6
Let z(f) = -f**3 + 4*f**2 + 15*f + 8. Calculate the remainder when 13449 is divided by z(-4).
73
Let m(h) = -3777*h + 24. Let g be m(-1). Suppose 45*b = 66*b - g. What is the remainder when b is divided by 23?
20
Let m be (217 - 1)/((-12)/(-8)). Let q = 1555 - 1648. Let u = m + q. Calculate the remainder when 99 is divided by u.
48
Let r(y) = 3*y**2 + 5. Let q be r(-7). Let l = q - 26. Suppose -1014 + 154 = 4*c - 24*c. Calculate the remainder when l is divided by c.
40
Let n(y) = y**2 - 24*y + 60. Let w be n(21). Calculate the remainder when 13284/120 + w/(-10) is divided by 29.
24
Let o = 447 + -437. Suppose o*g = 53 + 107. What is the remainder when 17 is divided by g?
1
Let s = -3987 - -4129. Suppose 2*f + 4 = 0, 3*t = 3*f - 0*f + 45. Calculate the remainder when s is divided by t.
12
Let w be 12*((-17)/(-3) - 5). Suppose -w*m = -45 - 35. Calculate the remainder when 229 is divided by m.
9
Let x = -1540 - -1583. What is the remainder when 941 is divided by x?
38
Suppose 4*c + 2*q = -12, 14 = 4*c - 2*c - 4*q. Let b be -3*c/(-7) - 162/14. Calculate the remainder when 105 is divided by (4 + 39/b)*12*3.
24
Suppose 3*j - 537 = -5*b, j = 2*b + 2*j - 214. Suppose -21*o + 15 - 57 = 0. What is the remainder when b is div